greatest common factor of 486701 and 537?
179
Calculate the greatest common divisor of 2191389 and 6.
3
What is the greatest common divisor of 134500 and 66?
2
Calculate the highest common factor of 11088 and 1103886.
126
Calculate the greatest common factor of 9654960 and 9408.
2352
What is the highest common divisor of 16198329 and 273?
21
Calculate the highest common divisor of 19344 and 232126388.
1612
What is the highest common factor of 6816865 and 715?
55
Calculate the greatest common factor of 3901322540 and 12140.
12140
Calculate the highest common divisor of 610 and 1628390.
10
What is the greatest common divisor of 120481060 and 1400?
140
What is the greatest common divisor of 86710 and 3495908?
598
What is the greatest common divisor of 7652820 and 4932?
1644
Calculate the greatest common divisor of 1479196 and 5052287.
2449
Calculate the greatest common divisor of 30871877 and 2708.
677
Calculate the greatest common divisor of 117 and 244322.
13
What is the greatest common divisor of 3638 and 837052868?
3638
Calculate the greatest common divisor of 6630 and 2277015.
195
Calculate the greatest common divisor of 616594 and 33.
11
Calculate the highest common divisor of 3316677 and 27924.
39
What is the greatest common divisor of 25984792 and 47900?
1916
Calculate the greatest common divisor of 51 and 8559840.
51
What is the highest common factor of 1728 and 406998?
54
Calculate the highest common divisor of 52127807 and 709.
709
What is the greatest common factor of 71521824 and 132?
132
What is the greatest common factor of 45908 and 742348?
92
Calculate the highest common factor of 366864 and 89.
1
Calculate the greatest common divisor of 71198270 and 572.
286
Calculate the greatest common divisor of 34046 and 909850.
1174
What is the greatest common factor of 10353 and 13722162?
1479
What is the greatest common factor of 98 and 9177252?
14
What is the highest common factor of 15779 and 4550969?
509
Calculate the greatest common factor of 28159 and 51463.
971
Calculate the highest common divisor of 2244604 and 7300.
292
What is the greatest common divisor of 24039 and 4095?
9
Calculate the highest common factor of 243012099 and 99.
33
What is the highest common factor of 4556166 and 426?
6
What is the highest common factor of 1058 and 2176?
2
Calculate the highest common divisor of 22858 and 3791311.
1039
Calculate the highest common divisor of 43602669 and 198.
99
What is the greatest common divisor of 5129880 and 700?
140
Calculate the greatest common factor of 163 and 132702049.
163
Calculate the highest common factor of 198 and 1334225673.
99
What is the highest common divisor of 490484 and 4?
4
What is the highest common divisor of 15017125 and 1125?
125
What is the greatest common divisor of 1634 and 1613575?
817
What is the greatest common factor of 61341022 and 77058?
2854
Calculate the highest common factor of 2275 and 804700.
325
What is the greatest common factor of 8 and 5318216?
8
Calculate the greatest common divisor of 192093756 and 4656.
1164
Calculate the highest common divisor of 107 and 2154520114.
107
Calculate the highest common divisor of 32817 and 498741827.
10939
Calculate the highest common factor of 45733 and 15936.
83
Calculate the highest common factor of 152076240 and 280.
40
What is the highest common divisor of 1380 and 18354920?
460
What is the highest common divisor of 20117634 and 12?
6
What is the greatest common factor of 35264 and 10657500?
116
What is the greatest common factor of 10309130 and 195?
65
What is the greatest common factor of 12402 and 259818?
78
Calculate the highest common factor of 74022 and 2173002.
1014
What is the highest common factor of 7047611 and 3048?
127
Calculate the greatest common factor of 8857488 and 38100.
1524
What is the greatest common factor of 26735067 and 45?
9
Calculate the greatest common factor of 10948 and 214636.
92
What is the greatest common divisor of 7249104 and 720?
144
Calculate the highest common divisor of 1705593 and 2091.
51
Calculate the highest common divisor of 62 and 103264100.
62
What is the greatest common divisor of 140185 and 2095355?
265
What is the highest common factor of 759 and 1283601?
33
What is the highest common factor of 102 and 39642?
6
What is the greatest common factor of 19036749 and 1014363?
5367
What is the greatest common divisor of 1876 and 440743219?
469
Calculate the highest common factor of 11520 and 22712.
8
Calculate the greatest common factor of 83266654 and 3362.
3362
Calculate the highest common factor of 2842 and 642978.
98
Calculate the greatest common divisor of 522623140 and 780.
260
What is the highest common factor of 51590 and 717178?
154
Calculate the highest common factor of 1766 and 239457238.
1766
Calculate the greatest common divisor of 1430 and 344760.
130
Calculate the greatest common factor of 31 and 10948363.
31
Calculate the highest common factor of 110282472 and 1134.
162
Calculate the highest common factor of 2328 and 1392195216.
2328
Calculate the greatest common factor of 3900 and 218712.
156
Calculate the highest common factor of 1620245 and 138395.
445
Calculate the greatest common divisor of 472512 and 6078670.
4922
Calculate the highest common divisor of 808140538 and 6407.
6407
What is the highest common factor of 43525685 and 317?
317
Calculate the highest common factor of 1932 and 1017941820.
1932
What is the highest common factor of 19 and 42469769?
19
What is the greatest common divisor of 2 and 457251?
1
What is the highest common divisor of 3043635 and 123?
123
Calculate the highest common divisor of 6123272 and 20.
4
What is the greatest common divisor of 7989 and 14121889?
2663
What is the greatest common divisor of 640 and 380960?
160
What is the greatest common factor of 192 and 94884?
12
Calculate the highest common factor of 11979 and 145926.
1089
What is the highest common factor of 392796 and 76500?
36
What is the greatest common divisor of 26384341 and 158?
79
What is the greatest common factor of 585 and 3890315?
65
What is the greatest common factor of 156088 and 3953752?
1432
What is the greatest common divisor of 3109512 and 3345?
669
What is the greatest common divisor of 727610 and 187982?
386
What is the highest common divisor of 321508 and 10626?
22
Calculate the greatest common divisor of 13143186 and 252.
126
Calculate the highest common divisor of 546 and 218986482.
78
Calculate the greatest common factor of 29759535 and 5967.
351
Calculate the highest common divisor of 5311727 and 836389.
4379
What is the greatest common divisor of 48 and 2004309264?
48
What is the greatest common factor of 2797187 and 1917?
71
What is the highest common divisor of 234 and 243917154?
234
What is the highest common factor of 34038 and 23715?
279
Calculate the highest common factor of 1154 and 54246078.
1154
What is the greatest common factor of 4218706 and 7958?
46
Calculate the greatest common factor of 110 and 1723095.
55
What is the greatest common divisor of 382 and 55661220?
382
Calculate the greatest common factor of 66 and 441020162.
22
Calculate the highest common factor of 514065 and 3977030.
3985
What is the greatest common divisor of 138630 and 160?
10
Calculate the highest common divisor of 4828 and 851716.
284
Calculate the highest common divisor of 2464 and 1845568.
32
What is the greatest common divisor of 7008 and 1163766?
438
Calculate the highest common factor of 21840 and 4305.
105
What is the highest common divisor of 20375 and 1510195?
815
Calculate the highest common factor of 94424 and 16921432.
3256
What is the greatest common divisor of 1404 and 389948?
52
What is the greatest common divisor of 2808363 and 3699?
411
What is the greatest common factor of 100 and 307225?
25
Calculate the greatest common divisor of 8181327 and 616.
77
Calculate the highest common factor of 23766501 and 66.
33
What is the greatest common factor of 149 and 16197641?
149
What is the greatest common factor of 4682099 and 788?
197
Calculate the highest common divisor of 1840 and 63131920.
80
Calculate the highest common divisor of 192 and 27433128.
24
What is the greatest common factor of 22 and 67884?
2
What is the greatest common factor of 1340503775 and 845?
845
Calc